-y**3 - 5*y**2 + 8*y + 5. Suppose l - 5 = 2*g + 9, -4*g - 30 = -3*l. What is m(g)?
-7
Let j(d) = -4*d + 5*d + 3*d**2 - 2*d**2. Let s be j(-2). Let g be (s/2)/((-2)/10). Let w(k) = -k**2 - 7*k - 6. Determine w(g).
4
Let p(q) = -7*q**3 + q - 1. Let b(m) = -7*m**3 + m**2 + m - 1. Let n(k) = 3*b(k) - 2*p(k). Let y(g) = g**3 + g**2. Let c(a) = n(a) - 3*y(a). What is c(1)?
-10
Let c(s) = s + 2. Let d(x) = -5*x - 13. Suppose 0 = -3*w - 3*n + 7*n - 18, 2*w + 12 = 4*n. Let j(a) = w*d(a) - 39*c(a). What is j(-1)?
9
Let n(x) = -x + 1. Let l(u) = -4. Let b(t) = l(t) + 3*n(t). Calculate b(-4).
11
Let q(m) = 0*m**3 - 2*m - 9*m**2 + m**3 - 1 + m**2 + 4*m**2. What is q(5)?
14
Suppose -7*s + 4*s = -9. Let p(g) = g**3 - 2*g**2 - 5*g + 2. What is p(s)?
-4
Let k = -4 + -1. Let q = -1 - k. Let j(w) = -w + 6. Calculate j(q).
2
Let j(u) be the first derivative of u**2/2 + 5*u + 1. Let a be -6 - 1 - (21 + -25). Give j(a).
2
Let t(f) = f + 5. Let x(z) = -z**2 + 10*z - 1. Let q be x(10). Let c(s) = 3*s**3 + s. Let g be c(q). Calculate t(g).
1
Let b(q) = -q - 6. Let l be b(-6). Let o(z) be the third derivative of 0*z + 1/24*z**4 + z**2 - 2/3*z**3 + 0. Calculate o(l).
-4
Let v(f) be the third derivative of -7*f**6/120 - f**4/24 - f**3/6 - 11*f**2. Determine v(-1).
7
Let n(z) = 2*z - 2. Let d be n(2). Let g(k) = 8 - k - 4 + 6. Let i(r) = 2*r - 11. Let j(t) = d*i(t) + 3*g(t). Give j(0).
8
Let z be -10*(2/(-5))/((-20)/(-25)). Let v(y) = y**2 - 5*y - 4. Calculate v(z).
-4
Let g = -16 - -22. Let s(x) = x**2 - 9*x + 9. Determine s(g).
-9
Let g(a) be the third derivative of -a**5/60 + a**4/24 - a**3/6 + 5*a**2. Suppose -2*j - 4 - 2 = 0. Let x be (3 + -6)*(-2)/j. What is g(x)?
-7
Let r(u) = u**3 - 21*u**2 + 20*u + 6. Let j be r(20). Let p(t) = -t**2 + 5*t + 4. Determine p(j).
-2
Suppose -a + 0 = -4. Let i be a/(-12) + (-40)/6. Let u = i + 12. Let v(o) = -o**3 + 6*o**2 - 6*o + 5. Give v(u).
0
Let s(c) = -c**3 - 5*c**2 + 3*c - 7. Suppose 16*t = 20*t + 24. Calculate s(t).
11
Let t(f) = -4*f + 4. Suppose -m = 5*g - 14, -2*m = 4*g + 3*m - 7. Determine t(g).
-8
Let h be (-1)/(-4) + (-25)/4. Let p(k) = -16 + 7*k + 29 + 11*k**2 + 6. Let o(a) = -5*a**2 - 4*a - 9. Let u(g) = 9*o(g) + 4*p(g). Give u(h).
7
Let j(x) = x**3 - 4*x**2 + 2*x + 2. Let z(l) = l**3 - 3*l**2 - 6*l + 6. Let h be z(4). Let p = 1 - h. Determine j(p).
-1
Let v(c) = -2*c - 3. Suppose o - 6*o = -10. Suppose 4*k + 3 = 2*j + 7, -5*k = -j - o. What is v(j)?
1
Let w(r) = 6*r - 1 - 11*r + 2 + r**2. Let u(y) = y**2 + y - 2. Let i = 4 - 2. Let o be u(i). Determine w(o).
-3
Suppose g - 4*g = 0. Let n(a) = -2*a**2 + g - 4*a + a**2 - 7. Let s(l) = l**2 + 10*l + 4. Let z be s(-9). What is n(z)?
-12
Suppose -5*t - 20 = 8*n - 6*n, -5*n = 0. Let o(d) = d**3. Let k(q) = -5*q**3 + 5*q**2 + 4*q + 6. Let p(g) = k(g) + 6*o(g). Calculate p(t).
6
Let z(l) be the second derivative of 4*l**3/3 + l. Let t(b) = -b**2 + 4*b + 6. Let j(r) = -r - 1. Let i(s) = -3*j(s) + t(s). Let f be i(8). Give z(f).
8
Let d be ((-1)/3)/(2/6). Let r(j) = -4*j**3 - j**2 - j - 1. Let g be r(d). Let p(i) be the first derivative of i**4/4 - i**3 + i**2/2 - 4*i + 8. Determine p(g).
-1
Let u(a) = -a**2 - 8*a - 6. Let m be u(-6). Let z(j) = -5*j**3 + 3*j**2 - 3. Let n(r) = 4*r**3 - 4*r**2 + r + 4. Let c(o) = -4*n(o) - 3*z(o). What is c(m)?
5
Let b be ((-4)/(-12))/((-3)/(-18)). Let h(i) = 2*i - 7*i - b - 5*i + 6*i. Let r be h(-2). Let g(k) = -k**3 + 5*k**2 + 5*k + 6. What is g(r)?
0
Let i(f) be the second derivative of -f**4/12 - 7*f**3/6 - f**2/2 + 4*f. Give i(-6).
5
Let o(c) = 2*c + 11. Suppose -3*g - 73 + 40 = 0. Determine o(g).
-11
Suppose w + 0*w = 0. Let s(u) = u - 6. Give s(w).
-6
Let p be (-9)/3 + (1 - -1). Let z(k) = 7*k**2 + 1. Let a = -3 - -4. Let h(d) = 1. Let l(y) = a*z(y) + p*h(y). Calculate l(1).
7
Let a(q) be the second derivative of -11*q**4/12 - q**2/2 + 25*q. Determine a(-1).
-12
Let v(g) = g**2 - g. Let r be v(-1). Let n = 5 - r. Suppose -n*d + 4 = 5*j, 6*d = 3*j + 2*d + 15. Let a(f) = 3*f**2 - 1. Calculate a(j).
2
Let b(h) be the third derivative of 1/24*h**4 - 13/6*h**3 + 0 + 0*h - 2*h**2. Let a be b(11). Let u(n) = -n**3 - 3*n**2 - 2*n - 2. Calculate u(a).
-2
Let m(i) = 1 - 2 - i + 2*i. Suppose 2*o + 18 = -3*h, 4*h + 7*o + 24 = 2*o. Let n be (1 + 9)*h/12. What is m(n)?
-6
Let y(k) = -2*k + 6. Let b be y(3). Suppose b = 3*s - 6*s - 9. Let t(j) = -j**3 - 4*j**2 - j + 2. What is t(s)?
-4
Let t(c) be the second derivative of -c**6/120 - c**5/30 + c**4/24 - c**2/2 - 6*c. Let b(f) be the first derivative of t(f). Give b(-3).
6
Let c(i) = i**3 - 2*i**2 + 1. Let g = 15 - 8. Let p(t) = 4*t + 2 + g - 3*t. Let l be p(-7). What is c(l)?
1
Let x(l) be the first derivative of -l**2 + 8*l + 4. Let s be x(6). Let u(j) = -j**3 - 4*j**2 - 2*j. Determine u(s).
8
Let h(i) = -3*i + 4. Suppose -7 + 20 = c - 5*z, -5*z + 2 = 4*c. Let s be h(c). Let p(m) = m**2 + 4*m + 3. What is p(s)?
8
Suppose -4*f - 5 = 3. Let m(q) = 2*q**3 + 15*q**2 - 7*q + 7. Let r(c) = c**3 + 7*c**2 - 4*c + 4. Let s(z) = f*m(z) + 5*r(z). What is s(-6)?
6
Let i(j) be the first derivative of 1/2*j**2 - 3 - 2*j. What is i(2)?
0
Let s be 5*(-2)/6*-3. Let o(k) = -3*k**2 + k + 2 - s + 4*k**2. What is o(0)?
-3
Let f(p) = 4 + 2*p**3 - 3*p**3 - p - p**2 + 2*p**3. Let u = -11 - -11. Determine f(u).
4
Let z be (-18)/99 + 48/22. Let i(w) = 3*w**2 + w - 2. What is i(z)?
12
Let v(q) = -6 - 2*q - 2*q + 2*q. What is v(-5)?
4
Let f(d) = -3*d**2 - 4*d - 2. Let y(a) = 4*a**2 + 3*a + 1. Let v(c) = c. Let l(u) = 2*v(u) + y(u). Let q(w) = -3*f(w) - 2*l(w). Give q(-3).
7
Let z(l) be the second derivative of -l**8/6720 - l**7/630 + l**6/120 + l**5/30 - l**4/12 + l. Let t(i) be the third derivative of z(i). What is t(-5)?
-1
Let p(m) be the third derivative of 7*m**4/24 - m**3/6 - 8*m**2. What is p(1)?
6
Let m(u) = -2*u**3 - 8 - 3*u**3 - 7*u**2 - 3*u + 4*u**3 - 6*u. Determine m(-6).
10
Let m(c) = 20*c**3 - 29*c**2 + 20*c - 5. Let y(u) = -7*u**3 + 10*u**2 - 7*u + 2. Let o(q) = -6*m(q) - 17*y(q). What is o(4)?
-8
Suppose -2 = -l + 1. Suppose 4*f + 2 = -c + 9, 12 = -f - l*c. Suppose 0*m + f*m - 3 = 0. Let p(d) = d. Give p(m).
1
Let t(y) be the first derivative of -y**4/4 - 8*y**3/3 - 9*y**2/2 - 8*y + 4. Calculate t(-7).
6
Let q(n) be the second derivative of -4*n + 0 - 1/6*n**3 - 5/2*n**2. Suppose -2*s = s + 12. What is q(s)?
-1
Suppose -4*j + 84 = -48. Let m be j/9 + 2/(-3). Let w(v) = v**2 - 2*v - 4. Give w(m).
-1
Let f(v) = 2*v - 1 + 8 - 3*v. Let d be f(5). Let u(b) = -1 - 2*b**d + 6*b**3 + 2*b**2 + b**2 - b**3. What is u(-1)?
-5
Let w(d) be the third derivative of d**5/120 - d**4/4 - 2*d**3/3 - 2*d**2. Let y(a) be the first derivative of w(a). Determine y(5).
-1
Let j(l) = -l - 1. Let o = -68 - -62. Give j(o).
5
Let b(f) = -3*f - 3. Let c(u) = -3*u - 4. Let i(g) = -5*b(g) + 4*c(g). Let o = 0 + 3. What is i(o)?
8
Let o(n) = 2*n**3 - n**2 - 1. Let v = -6 + 8. Suppose 0 = -3*g + 2*z - v + 14, 2*g + 5*z = -11. What is o(g)?
11
Let w(a) = 7*a**2. Let b(g) = g**3 - 6*g**2 + 5*g + 3. Let d be b(5). Suppose 10 = u - d*z - 6, 4*u - 19 = 3*z. Calculate w(u).
7
Let m be (-3)/(-2 - -5) + 4. Let o be (-2)/(-1*2) + 2. Let x(k) = 4*k - 2 - k**3 - 2 + 0*k**o + 2*k**2. Give x(m).
-1
Let b(w) = -104 + w - 3*w + 105. Give b(-1).
3
Let f(h) be the third derivative of 1/12*h**4 + 0 + 8*h**2 + 0*h - 1/3*h**3. What is f(4)?
6
Let u(c) = c + 20. Let a = -7 + -2. Calculate u(a).
11
Let d(l) = -2 - 1 + 4*l - 2 - 3*l. Calculate d(4).
-1
Let g(r) = -r**3 + 8*r**2 - r + 2. Let k = -16 + 24. Give g(k).
-6
Let c be 1 - (-1 - 1*-1). Suppose -19 = -5*s + 6. Let o(i) = -8*i + s*i + 4*i + c. Calculate o(-4).
-3
Let x(b) = 4*b + 1. Let p(k) = -12*k - 4. Let o(m) = -6*p(m) - 17*x(m). Give o(-6).
-17
Let g(p) = -p**2 + 5*p + 5. Let h(l) = -l - 1. Let m = 8 + -14. Let y(b) = m*h(b) - g(b). Let u be (-8)/28 + (-24)/14. Calculate y(u).
3
Let m = 11 + -11. Let a(c) = c + 12. What is a(m)?
12
Let a(m) = m**2 - 5*m + 3. Let d be a(5). Let c(s) = -5 - 2*s**2 + 7 + s**2. Calculate c(d).
-7
Let v = -93 + 94. Let s(k) = 9*k**2 + k - 1. Determine s(v).
9
Let x(i) be the first derivative of -i**3/3 + i**2 - 2*i - 4. Calculate x(5).
-17
Let t(i) = -2*i. Let o be t(4). Let v(b) = -11*b - 11. Let g(l) = 4*l + 4. Let p(z) = o*g(z) - 3*v(z). Determine p(3).
4
Suppose g + 19 